63 + -1943. What is the units digit of l?
0
Let w(f) = -5*f + 12. Let v be w(7). Let p = 33 + v. What is the tens digit of p?
1
Suppose -5*m - 2*t = -7, 4*m - m = 2*t + 17. Let k = 95 - 79. Suppose -p + k = m*p. What is the units digit of p?
4
Suppose -l = n - 9, 2*n + 0*l + 4*l - 26 = 0. Let q(u) = -3*u + 4*u - 3 + 7 - n*u. What is the units digit of q(-6)?
8
Suppose -5*r - 2*v + 3461 = 0, 0*v + 2085 = 3*r - 3*v. What is the units digit of r?
3
Let a(y) = 2*y - 3. Let z be a(4). Suppose 24 = 3*d - 3*t, -4*d = d + 4*t + z. What is the units digit of 4/(d + -7)*-1?
1
Suppose -3*t - 28 = 4*t. What is the hundreds digit of (t/((-84)/(-35)))/(1/(-120))?
2
Let c = 63 - 60. What is the tens digit of (c - 1 - 0)/(2/62)?
6
Let g(m) = -m**2 - 6*m + 5. Let u be g(-6). Suppose -3*h + h = u*o - 1178, -4 = 4*h. What is the hundreds digit of o?
2
Let d be -1*(-250)/(-5) - 3. Suppose 0 = -5*c + 520 - 20. Let g = d + c. What is the units digit of g?
7
Let y(b) = -10*b. Let u be y(-1). Let i = -2 - u. What is the units digit of 3/(-3 + 0) - i?
1
What is the hundreds digit of 31/(-2*(-2)/(-60))*-1?
4
Let h = -41 + 44. Let d(x) = 4*x**2 + x + 3. What is the tens digit of d(h)?
4
Let y = 121 - -183. Suppose y = 4*t + 4*n, 6*t + 2*n - 304 = 2*t. What is the tens digit of t?
7
Let i(d) = -2*d**3 - 16 - 11*d - d**2 + 8*d**2 + 3*d**3 + 6. Let l be i(-8). Suppose 2*w = 4*w - l. What is the units digit of w?
7
Let l be -9 + 6 - (5/(-1) + 0). Suppose 0 = l*v - w - 197, 2*v - 199 = -4*w + 3*w. What is the tens digit of v?
9
Let z be (7/(-14))/((-1)/(-4)). Let v be -106 + (z - 4 - -2). Let j = -72 - v. What is the units digit of j?
8
Suppose 2*u - 635 - 1327 = 0. Suppose -4*c + u = 69. Suppose 5*j - c = -38. What is the tens digit of j?
3
Let t be 9/12*(2 + 22). Let r = -48 + t. Let w = 59 + r. What is the units digit of w?
9
Let a(x) = -x + 2. Let h(j) = -1. Let d(f) = 2*a(f) + 4*h(f). Let c be d(-1). Suppose -52 - 2 = -c*g. What is the units digit of g?
7
Let u = -106 + 112. Suppose 604 = u*t - 500. What is the hundreds digit of t?
1
Let l(h) = -h**3 - 4*h**2 + 10*h - 3. Let r be 4 + -4 + 4 - 11. Let a be l(r). Suppose v - 2*c - 4 = 66, 3*c = v - a. What is the tens digit of v?
6
Let h be (0/((-4)/4))/(-1). Suppose h = 2*w - 0*w - 102. What is the tens digit of w?
5
Let u(p) = p**3 - p**2 + 2*p - 1. Let i be u(2). Suppose 27*j = 25*j. Suppose j = 5*v - i*v + 72. What is the tens digit of v?
3
What is the tens digit of 5 - 17*1*-54?
2
Let y = -431 + 511. What is the units digit of y?
0
Suppose 0 = -w - 3*f - 14, 2*w - 5*f - 41 = -14. Let z be 0/(2/w*-1). Suppose c = -4*c + 2*q + 139, -4*c - 5*q + 98 = z. What is the units digit of c?
7
Suppose -5*b - 6*u = -u, 0 = 3*b + 5*u + 10. Suppose -5*d = -2*d - 180. Suppose -d = -b*v - 5. What is the units digit of v?
1
Let v(u) = u**2 - 15*u + 11. Let t be v(14). What is the units digit of ((5 - 3) + -3)*t?
3
Let f be ((-12)/(-4))/(3/(-27)). Let i = 25 + f. What is the tens digit of (13 - i/(-1))*3?
3
Let m(z) = 13*z**3 - 6*z**2 + 8*z - 1. What is the hundreds digit of m(4)?
7
Suppose 13800 = 16*i - 6*i. What is the units digit of i?
0
Suppose 3*f + 2*f + 15 = 0. Let v be f/(-7) - 6/14. What is the units digit of (36/3 - v)*1?
2
Let z = -157 + 386. Let f = z - 124. What is the hundreds digit of f?
1
Suppose l + 2*g - 1006 = -8, 0 = l - 3*g - 983. What is the hundreds digit of l?
9
Suppose -6*i + 1007 + 6505 = 0. What is the tens digit of i?
5
Let b(o) = o**3 - 2*o**2 - 18*o + 7. Let p be b(5). Suppose -3*c - 5*u + 26 + 29 = 0, 5*u = -4*c + 70. Let y = c + p. What is the units digit of y?
7
Suppose 5 = o - 8. Let l = -8 + o. Suppose f - 3*u + 22 = l*f, 0 = -5*f - 3*u + 26. What is the units digit of f?
4
Let y be (-35)/45 + 1 - 1226/9. Let k = 303 + y. What is the tens digit of k?
6
Suppose 0 = -3*n + 238 + 830. What is the tens digit of n?
5
Suppose 344 = 3*s + 5*m, 3*m = 3*s - s - 204. Let l be 4/14 - s/(-63). Suppose 5*o + 50 = l*i, 0 = -5*i + 2*o - o + 79. What is the units digit of i?
5
Let l = -1 + 15. Let d be 3/(-2)*14*-1. What is the units digit of (-4)/l - (-636)/d?
0
What is the tens digit of 1/((-7)/24*4/(-14))?
1
What is the units digit of 4/6*(0 + (536 - 5))?
4
Let y(q) = -q**3 + 2*q**2 + 13*q + 23. What is the units digit of y(-6)?
3
Suppose 3*m + 80 = -3*v - 19, -5*m + 67 = -3*v. Suppose -76 + 22 = 3*q. Let a = q - v. What is the units digit of a?
1
Suppose 0 = 3*g - 5*q + 183, q - 305 = 5*g + 4*q. What is the units digit of (3 + -7 - g) + 1?
8
Let u(x) = -x**3 + x**2 - x - 4. Suppose -6*c + 7 - 25 = 0. What is the tens digit of u(c)?
3
Suppose -4*a - 4*v = -24, -34 - 5 = -3*a + 4*v. Let y(o) = 2*o**2 - 17*o + 22. What is the units digit of y(a)?
1
Suppose 0 = -p - 4*f + 20, p - 31 = -p - 5*f. Suppose -p = -t - 3. Suppose 5*v + 6 = o - 19, 0 = t*v + 20. What is the units digit of o?
5
Let j(z) = -11*z - 1. Let c(r) = -12*r - 17. Let p(i) = -c(i) + j(i). Suppose -2*a + 4*a + 16 = 0. What is the units digit of p(a)?
8
Let n be (-24)/(-108) - 86/(-18). Let c(h) = 3*h**2 - 5*h - 6. Let o be c(n). Suppose 3*w = o + 13. What is the tens digit of w?
1
What is the units digit of 524/11 - 60/(-165)?
8
Suppose -f - 183 + 71 = 0. Let w = 431 + f. What is the units digit of w?
9
Let f(d) = 5*d**3 + 2*d**2 - d - 1. Let i be f(1). Suppose -k + 90 = 2*n + 3*n, -i*n + 300 = 3*k. What is the hundreds digit of k?
1
Suppose -4*k + 12 = 4. Suppose 4*a - 6*a + 4*c = -54, 4*c - 62 = -k*a. Suppose r + 71 = 4*r - b, 0 = -r + 3*b + a. What is the units digit of r?
3
Let m = 117 - 127. What is the units digit of 28 - m/(-15)*3?
6
Suppose -2*n + 2 = -6. Let u(a) = a**3 - 4*a**2 + 2*a - 6. Let c be u(n). Suppose 5*f - 46 - 6 = -c*m, 52 = 4*m - 3*f. What is the tens digit of m?
1
Suppose -3*m + 1005 = -8*m. Let a = 12 - 14. What is the units digit of m/(-6) - 1/a?
4
Let u(q) be the second derivative of 37*q**3/6 - q**2/2 - q. Let f be u(1). Suppose -12 = 2*k - f. What is the tens digit of k?
1
Suppose -4*u - 178 - 134 = 0. Let j = -54 - u. Suppose j + 1 = 5*k. What is the units digit of k?
5
Let g(s) = -10*s + 6. Let l be g(3). Let h be 20*4 - -1 - -3. Let w = l + h. What is the units digit of w?
0
Let f = -1676 + 2532. What is the tens digit of f?
5
Suppose 5*q - 11076 = -2*z, 4*z = 4*q - 167 - 8705. What is the units digit of q?
6
Let w(j) = 3*j**3 + j**2 + 4*j - 3. Let o be w(1). Suppose 0 = 2*z - 2*n - o - 171, 106 = z + 5*n. What is the tens digit of z?
9
Let h(a) = 5*a**2 - a. Let i be h(1). Suppose v + 1 + i = 0. What is the units digit of (-40)/v*6/8?
6
Suppose -5*w + 5*x = -0*x - 25, 3*w - 13 = 2*x. Let a(y) = 16 - 5 + w*y**3 + 9*y**2 - 4*y**3 + 9*y. What is the units digit of a(10)?
1
Suppose 0*w - 172 = -4*w. Suppose 0 = 17*y + 11 - 62. Suppose -4*z + 159 = y*i, -i + 2*z + 0 + w = 0. What is the tens digit of i?
4
What is the units digit of (2095 - 55) + (-4)/(-1)?
4
Suppose -2698 = -9*g - 727. What is the tens digit of g?
1
Suppose 3*z = 15, 5*z + 8141 = 2*h - 140. What is the units digit of h?
3
Let h = 25 - 11. Let j = 99 + -104. Let l = j + h. What is the units digit of l?
9
Let f(l) = -10 + 24 - 7 + 11*l - 4. What is the units digit of f(6)?
9
Let z(d) = -d**3 - 5*d**2 + 5*d - 4. Let l be z(-6). Suppose -l*y = -g + 23, -2*y + 13 + 33 = 2*g. What is the units digit of g?
3
Let q(b) = -b**3 - b**2 + 4*b - 6. Let t be q(-5). Let x = t - 33. What is the units digit of x?
1
Let d(l) = 6*l**2 + 30*l - 16. What is the units digit of d(-23)?
8
What is the hundreds digit of (-7324)/(-8) - -2*3/(-12)?
9
Let g(x) = -3*x**2 - 5 - 24 + 6*x - 2*x + 7*x**2. What is the tens digit of g(-8)?
9
Let k = -52 + 56. Suppose -k*v + 5*h = -75, 0 = -3*v - 0*h - h + 80. What is the tens digit of v?
2
Let d be 8/20 - (33/(-5) + 1). Let x(g) = 19*g - 12. What is the units digit of x(d)?
2
Let i = -358 - -630. Suppose 5*k - i = k. Let p = 114 - k. What is the units digit of p?
6
Let d(c) = -5*c + c - 3 - 2 + 2. Let a be d(-2). Suppose 0 = a*x - 95 + 30. What is the tens digit of x?
1
Let n(t) = 4*t + 48. Let a be n(0). What is the units digit of (a/(-36))/(2/27*-1)?
8
Let g = -1867 + 3867. What is the thousands digit of g?
2
Suppose -3*k + 1 = 5*d - 15, 8 = 3*d + k. Suppose -2*l + d = -4. Suppose -l*g + 63 = 24. What is the units digit of g?
3
Let d(y